{"id":99,"date":"2021-07-09T16:24:20","date_gmt":"2021-07-09T14:24:20","guid":{"rendered":"http:\/\/fermedesclosduzes.fr\/?page_id=99"},"modified":"2024-07-28T17:55:02","modified_gmt":"2024-07-28T15:55:02","slug":"maraichage","status":"publish","type":"page","link":"https:\/\/fermedesclosduzes.fr\/?page_id=99","title":{"rendered":"MARAICHAGE"},"content":{"rendered":"\n<div class=\"wp-block-cover alignfull is-light has-parallax\" style=\"min-height:100vh;aspect-ratio:unset;\"><span aria-hidden=\"true\" class=\"wp-block-cover__background has-background-dim-0 has-background-dim\" style=\"background-color:#9d8556\"><\/span><div class=\"wp-block-cover__image-background wp-image-335 has-parallax\" style=\"background-position:50% 50%;background-image:url(https:\/\/fermedesclosduzes.fr\/wp-content\/uploads\/2024\/07\/IMG_0364-2-scaled.jpg)\"><\/div><div class=\"wp-block-cover__inner-container is-layout-flow wp-block-cover-is-layout-flow\">\n<p><\/p>\n<\/div><\/div>\n\n\n\n\n\n<p><\/p>\n\n\n\n<p>Nous cultivons des courgettes, tomates, oignons, aubergines, choux, carottes, betteraves, haricots verts, poivrons, des plantes aromatiques, des l\u00e9gumes anciens ou asiatiques, sur un espace d\u2019environ 1 ha.<br><\/p>\n\n\n\n<p>L\u2019agriculture biologique, la biodynamie, la permaculture et l\u2019agroforesterie sont autant de pratiques que nous mettons en \u0153uvre dans notre potager pour cultiver les l\u00e9gumes et l\u2019environnement.<\/p>\n\n\n\n<p>Ainsi, le potager et les parcelles sont clos de murets en pierre s\u00e8che et de haies diversifi\u00e9es, que nous pr\u00e9servons. En effet, ils offrent un refuge id\u00e9al pour les auxiliaires de nos cultures qui r\u00e9gulent les nuisibles. Nous semons des plantes compagnes et associons les l\u00e9gumes pour compl\u00e9ter cet environnement riche et propice \u00e0 l\u2019\u00e9quilibre naturel entre les esp\u00e8ces. Des fruitiers plant\u00e9s au sein m\u00eame du potager et les haies qui le bordent sont un terrain de chasse pour les chauves-souris alli\u00e9es des jardiniers et r\u00e9gulent le climat \u00e0 l\u2019\u00e9chelle des cultures.<\/p>\n\n\n\n<p>Nous utilisons du compost de fumier et de broyat de d\u00e9chets verts pour enrichir le sol en mati\u00e8re organique et les seuls produits appliqu\u00e9s sur les plantes sont des purins d\u2019ortie, de consoude ou de pr\u00eale pour stimuler leur croissance et leurs d\u00e9fenses naturelles.<\/p>\n\n\n\n<p>Nous faisons donc appel \u00e0 tout un ensemble de pratiques et de compagnons naturels pour assurer un environnement favorable \u00e0 la croissance de nos l\u00e9gumes.<\/p>\n\n\n\n<figure class=\"wp-block-image size-large\"><img loading=\"lazy\" decoding=\"async\" width=\"1024\" height=\"768\" src=\"https:\/\/fermedesclosduzes.fr\/wp-content\/uploads\/2024\/07\/IMG_1505-1024x768.jpg\" alt=\"\" class=\"wp-image-346\" srcset=\"https:\/\/fermedesclosduzes.fr\/wp-content\/uploads\/2024\/07\/IMG_1505-1024x768.jpg 1024w, https:\/\/fermedesclosduzes.fr\/wp-content\/uploads\/2024\/07\/IMG_1505-300x225.jpg 300w, https:\/\/fermedesclosduzes.fr\/wp-content\/uploads\/2024\/07\/IMG_1505-768x576.jpg 768w, https:\/\/fermedesclosduzes.fr\/wp-content\/uploads\/2024\/07\/IMG_1505-1536x1152.jpg 1536w, https:\/\/fermedesclosduzes.fr\/wp-content\/uploads\/2024\/07\/IMG_1505.jpg 2016w\" sizes=\"auto, (max-width: 1024px) 100vw, 1024px\" \/><\/figure>\n","protected":false},"excerpt":{"rendered":"<p>Nous cultivons des courgettes, tomates, oignons, aubergines, choux, carottes, betteraves, haricots verts, poivrons, des plantes aromatiques, des l\u00e9gumes anciens ou asiatiques, sur un espace d\u2019environ 1 ha. L\u2019agriculture biologique, la biodynamie, la permaculture et l\u2019agroforesterie sont autant de pratiques que nous mettons en \u0153uvre dans notre potager pour cultiver les l\u00e9gumes et l\u2019environnement. Ainsi, le potager et les parcelles sont clos de murets en pierre s\u00e8che et de haies diversifi\u00e9es, que nous pr\u00e9servons. En effet, ils offrent un refuge id\u00e9al pour les auxiliaires de nos cultures qui r\u00e9gulent les nuisibles. Nous semons des plantes compagnes et associons les l\u00e9gumes pour compl\u00e9ter cet environnement riche et propice \u00e0 l\u2019\u00e9quilibre naturel entre les esp\u00e8ces. Des fruitiers plant\u00e9s au sein m\u00eame du potager et les haies qui le bordent sont un terrain de chasse pour les chauves-souris alli\u00e9es des jardiniers et r\u00e9gulent le climat \u00e0 l\u2019\u00e9chelle des cultures. Nous utilisons du compost de fumier et de broyat de d\u00e9chets verts pour enrichir le sol en mati\u00e8re organique et les seuls produits appliqu\u00e9s sur les plantes sont des purins d\u2019ortie, de consoude ou de pr\u00eale pour stimuler leur croissance et leurs d\u00e9fenses naturelles. Nous faisons donc appel \u00e0 tout un ensemble de pratiques et de compagnons naturels pour assurer un environnement favorable \u00e0 la croissance de nos l\u00e9gumes.<\/p>\n","protected":false},"author":1,"featured_media":0,"parent":0,"menu_order":0,"comment_status":"closed","ping_status":"closed","template":"","meta":{"footnotes":""},"class_list":["post-99","page","type-page","status-publish","hentry"],"jetpack_sharing_enabled":true,"_links":{"self":[{"href":"https:\/\/fermedesclosduzes.fr\/index.php?rest_route=\/wp\/v2\/pages\/99","targetHints":{"allow":["GET"]}}],"collection":[{"href":"https:\/\/fermedesclosduzes.fr\/index.php?rest_route=\/wp\/v2\/pages"}],"about":[{"href":"https:\/\/fermedesclosduzes.fr\/index.php?rest_route=\/wp\/v2\/types\/page"}],"author":[{"embeddable":true,"href":"https:\/\/fermedesclosduzes.fr\/index.php?rest_route=\/wp\/v2\/users\/1"}],"replies":[{"embeddable":true,"href":"https:\/\/fermedesclosduzes.fr\/index.php?rest_route=%2Fwp%2Fv2%2Fcomments&post=99"}],"version-history":[{"count":23,"href":"https:\/\/fermedesclosduzes.fr\/index.php?rest_route=\/wp\/v2\/pages\/99\/revisions"}],"predecessor-version":[{"id":375,"href":"https:\/\/fermedesclosduzes.fr\/index.php?rest_route=\/wp\/v2\/pages\/99\/revisions\/375"}],"wp:attachment":[{"href":"https:\/\/fermedesclosduzes.fr\/index.php?rest_route=%2Fwp%2Fv2%2Fmedia&parent=99"}],"curies":[{"name":"wp","href":"https:\/\/api.w.org\/{rel}","templated":true}]}}

<div class="wp-block-cover alignfull is-light has-parallax" style="min-height:100vh;aspect-ratio:unset;"><span aria-hidden="true" class="wp-block-cover__background has-background-dim-0 has-background-dim" style="background-color:#9d8556"></span><div class="wp-block-cover__image-background wp-image-335 has-parallax" style="background-position:50% 50%;background-image:url(https://fermedesclosduzes.fr/wp-content/uploads/2024/07/IMG_0364-2-scaled.jpg)"></div><div class="wp-block-cover__inner-container is-layout-flow wp-block-cover-is-layout-flow">
<p></p>
</div></div>





<p></p>



<p>Nous cultivons des courgettes, tomates, oignons, aubergines, choux, carottes, betteraves, haricots verts, poivrons, des plantes aromatiques, des légumes anciens ou asiatiques, sur un espace d’environ 1 ha.<br></p>



<p>L’agriculture biologique, la biodynamie, la permaculture et l’agroforesterie sont autant de pratiques que nous mettons en œuvre dans notre potager pour cultiver les légumes et l’environnement.</p>



<p>Ainsi, le potager et les parcelles sont clos de murets en pierre sèche et de haies diversifiées, que nous préservons. En effet, ils offrent un refuge idéal pour les auxiliaires de nos cultures qui régulent les nuisibles. Nous semons des plantes compagnes et associons les légumes pour compléter cet environnement riche et propice à l’équilibre naturel entre les espèces. Des fruitiers plantés au sein même du potager et les haies qui le bordent sont un terrain de chasse pour les chauves-souris alliées des jardiniers et régulent le climat à l’échelle des cultures.</p>



<p>Nous utilisons du compost de fumier et de broyat de déchets verts pour enrichir le sol en matière organique et les seuls produits appliqués sur les plantes sont des purins d’ortie, de consoude ou de prêle pour stimuler leur croissance et leurs défenses naturelles.</p>



<p>Nous faisons donc appel à tout un ensemble de pratiques et de compagnons naturels pour assurer un environnement favorable à la croissance de nos légumes.</p>



<figure class="wp-block-image size-large"><img loading="lazy" decoding="async" width="1024" height="768" src="https://fermedesclosduzes.fr/wp-content/uploads/2024/07/IMG_1505-1024x768.jpg" alt="" class="wp-image-346" srcset="https://fermedesclosduzes.fr/wp-content/uploads/2024/07/IMG_1505-1024x768.jpg 1024w, https://fermedesclosduzes.fr/wp-content/uploads/2024/07/IMG_1505-300x225.jpg 300w, https://fermedesclosduzes.fr/wp-content/uploads/2024/07/IMG_1505-768x576.jpg 768w, https://fermedesclosduzes.fr/wp-content/uploads/2024/07/IMG_1505-1536x1152.jpg 1536w, https://fermedesclosduzes.fr/wp-content/uploads/2024/07/IMG_1505.jpg 2016w" sizes="auto, (max-width: 1024px) 100vw, 1024px" /></figure>

<p>Nous cultivons des courgettes, tomates, oignons, aubergines, choux, carottes, betteraves, haricots verts, poivrons, des plantes aromatiques, des légumes anciens ou asiatiques, sur un espace d’environ 1 ha. L’agriculture biologique, la biodynamie, la permaculture et l’agroforesterie sont autant de pratiques que nous mettons en œuvre dans notre potager pour cultiver les légumes et l’environnement. Ainsi, le potager et les parcelles sont clos de murets en pierre sèche et de haies diversifiées, que nous préservons. En effet, ils offrent un refuge idéal pour les auxiliaires de nos cultures qui régulent les nuisibles. Nous semons des plantes compagnes et associons les légumes pour compléter cet environnement riche et propice à l’équilibre naturel entre les espèces. Des fruitiers plantés au sein même du potager et les haies qui le bordent sont un terrain de chasse pour les chauves-souris alliées des jardiniers et régulent le climat à l’échelle des cultures. Nous utilisons du compost de fumier et de broyat de déchets verts pour enrichir le sol en matière organique et les seuls produits appliqués sur les plantes sont des purins d’ortie, de consoude ou de prêle pour stimuler leur croissance et leurs défenses naturelles. Nous faisons donc appel à tout un ensemble de pratiques et de compagnons naturels pour assurer un environnement favorable à la croissance de nos légumes.</p>
