{"id":104,"date":"2021-07-09T16:24:20","date_gmt":"2021-07-09T14:24:20","guid":{"rendered":"http:\/\/fermedesclosduzes.fr\/?page_id=104"},"modified":"2025-11-14T19:17:57","modified_gmt":"2025-11-14T18:17:57","slug":"qui-sommes-nous","status":"publish","type":"page","link":"https:\/\/fermedesclosduzes.fr\/","title":{"rendered":"QUI SOMMES NOUS ?"},"content":{"rendered":"\n<figure class=\"wp-block-image\"><img loading=\"lazy\" decoding=\"async\" width=\"2560\" height=\"1707\" src=\"https:\/\/fermedesclosduzes.fr\/wp-content\/uploads\/2024\/07\/sophie-et-remi-mazet-retouche1-1-scaled.jpg\" alt=\"\" class=\"wp-image-341\" srcset=\"https:\/\/fermedesclosduzes.fr\/wp-content\/uploads\/2024\/07\/sophie-et-remi-mazet-retouche1-1-scaled.jpg 2560w, https:\/\/fermedesclosduzes.fr\/wp-content\/uploads\/2024\/07\/sophie-et-remi-mazet-retouche1-1-300x200.jpg 300w, https:\/\/fermedesclosduzes.fr\/wp-content\/uploads\/2024\/07\/sophie-et-remi-mazet-retouche1-1-1024x683.jpg 1024w, https:\/\/fermedesclosduzes.fr\/wp-content\/uploads\/2024\/07\/sophie-et-remi-mazet-retouche1-1-768x512.jpg 768w, https:\/\/fermedesclosduzes.fr\/wp-content\/uploads\/2024\/07\/sophie-et-remi-mazet-retouche1-1-1536x1024.jpg 1536w, https:\/\/fermedesclosduzes.fr\/wp-content\/uploads\/2024\/07\/sophie-et-remi-mazet-retouche1-1-2048x1365.jpg 2048w, https:\/\/fermedesclosduzes.fr\/wp-content\/uploads\/2024\/07\/sophie-et-remi-mazet-retouche1-1-600x400.jpg 600w\" sizes=\"auto, (max-width: 2560px) 100vw, 2560px\" \/><\/figure>\n\n\n\n<p><\/p>\n\n\n\n<p>Bonjour et  bienvenue \u00e0 la ferme!<\/p>\n\n\n\n<p>Nous sommes Sophie Mazon et R\u00e9mi Balmassiere natifs de la r\u00e9gion d&rsquo;Uz\u00e8s et ancr\u00e9s dans les circuits courts, l&rsquo;agriculture respectueuse de l&rsquo;environnement, et les associations locales.<\/p>\n\n\n\n<p>Nous souhaitons \u00e9toffer le r\u00e9seau de producteurs locaux en Uz\u00e8ge et destinons nos produits au territoire.<\/p>\n\n\n\n<p>La ferme est bas\u00e9e sur des productions vari\u00e9es et ind\u00e9pendantes pour ne pas d\u00e9pendre d&rsquo;une monoculture.<\/p>\n\n\n\n<p><\/p>\n","protected":false},"excerpt":{"rendered":"<p>Bonjour et bienvenue \u00e0 la ferme! Nous sommes Sophie Mazon et R\u00e9mi Balmassiere natifs de la r\u00e9gion d&rsquo;Uz\u00e8s et ancr\u00e9s dans les circuits courts, l&rsquo;agriculture respectueuse de l&rsquo;environnement, et les associations locales. Nous souhaitons \u00e9toffer le r\u00e9seau de producteurs locaux en Uz\u00e8ge et destinons nos produits au territoire. La ferme est bas\u00e9e sur des productions vari\u00e9es et ind\u00e9pendantes pour ne pas d\u00e9pendre d&rsquo;une monoculture.<\/p>\n","protected":false},"author":1,"featured_media":0,"parent":0,"menu_order":0,"comment_status":"closed","ping_status":"closed","template":"","meta":{"footnotes":""},"class_list":["post-104","page","type-page","status-publish","hentry"],"jetpack_sharing_enabled":true,"_links":{"self":[{"href":"https:\/\/fermedesclosduzes.fr\/index.php?rest_route=\/wp\/v2\/pages\/104","targetHints":{"allow":["GET"]}}],"collection":[{"href":"https:\/\/fermedesclosduzes.fr\/index.php?rest_route=\/wp\/v2\/pages"}],"about":[{"href":"https:\/\/fermedesclosduzes.fr\/index.php?rest_route=\/wp\/v2\/types\/page"}],"author":[{"embeddable":true,"href":"https:\/\/fermedesclosduzes.fr\/index.php?rest_route=\/wp\/v2\/users\/1"}],"replies":[{"embeddable":true,"href":"https:\/\/fermedesclosduzes.fr\/index.php?rest_route=%2Fwp%2Fv2%2Fcomments&post=104"}],"version-history":[{"count":11,"href":"https:\/\/fermedesclosduzes.fr\/index.php?rest_route=\/wp\/v2\/pages\/104\/revisions"}],"predecessor-version":[{"id":537,"href":"https:\/\/fermedesclosduzes.fr\/index.php?rest_route=\/wp\/v2\/pages\/104\/revisions\/537"}],"wp:attachment":[{"href":"https:\/\/fermedesclosduzes.fr\/index.php?rest_route=%2Fwp%2Fv2%2Fmedia&parent=104"}],"curies":[{"name":"wp","href":"https:\/\/api.w.org\/{rel}","templated":true}]}}

<figure class="wp-block-image"><img loading="lazy" decoding="async" width="2560" height="1707" src="https://fermedesclosduzes.fr/wp-content/uploads/2024/07/sophie-et-remi-mazet-retouche1-1-scaled.jpg" alt="" class="wp-image-341" srcset="https://fermedesclosduzes.fr/wp-content/uploads/2024/07/sophie-et-remi-mazet-retouche1-1-scaled.jpg 2560w, https://fermedesclosduzes.fr/wp-content/uploads/2024/07/sophie-et-remi-mazet-retouche1-1-300x200.jpg 300w, https://fermedesclosduzes.fr/wp-content/uploads/2024/07/sophie-et-remi-mazet-retouche1-1-1024x683.jpg 1024w, https://fermedesclosduzes.fr/wp-content/uploads/2024/07/sophie-et-remi-mazet-retouche1-1-768x512.jpg 768w, https://fermedesclosduzes.fr/wp-content/uploads/2024/07/sophie-et-remi-mazet-retouche1-1-1536x1024.jpg 1536w, https://fermedesclosduzes.fr/wp-content/uploads/2024/07/sophie-et-remi-mazet-retouche1-1-2048x1365.jpg 2048w, https://fermedesclosduzes.fr/wp-content/uploads/2024/07/sophie-et-remi-mazet-retouche1-1-600x400.jpg 600w" sizes="auto, (max-width: 2560px) 100vw, 2560px" /></figure>



<p></p>



<p>Bonjour et  bienvenue à la ferme!</p>



<p>Nous sommes Sophie Mazon et Rémi Balmassiere natifs de la région d&rsquo;Uzès et ancrés dans les circuits courts, l&rsquo;agriculture respectueuse de l&rsquo;environnement, et les associations locales.</p>



<p>Nous souhaitons étoffer le réseau de producteurs locaux en Uzège et destinons nos produits au territoire.</p>



<p>La ferme est basée sur des productions variées et indépendantes pour ne pas dépendre d&rsquo;une monoculture.</p>



<p></p>

<p>Bonjour et bienvenue à la ferme! Nous sommes Sophie Mazon et Rémi Balmassiere natifs de la région d&rsquo;Uzès et ancrés dans les circuits courts, l&rsquo;agriculture respectueuse de l&rsquo;environnement, et les associations locales. Nous souhaitons étoffer le réseau de producteurs locaux en Uzège et destinons nos produits au territoire. La ferme est basée sur des productions variées et indépendantes pour ne pas dépendre d&rsquo;une monoculture.</p>
